{"id":150,"date":"2011-09-15T21:20:53","date_gmt":"2011-09-15T19:20:53","guid":{"rendered":"http:\/\/www.temel-art.de\/wordpress\/?page_id=150"},"modified":"2018-05-24T13:06:29","modified_gmt":"2018-05-24T11:06:29","slug":"auftraege-3","status":"publish","type":"page","link":"http:\/\/www.temel-art.de\/wordpress\/auftraege-3\/","title":{"rendered":"Auftr\u00e4ge"},"content":{"rendered":"<div class=\"jbox grey\" style=\"border-width:2px;-moz-border-radius: 20px;-webkit-border-radius: 20px;-khtml-border-radius: 20px;border-radius: 20px;-webkit-box-shadow: 4px 4px 6px rgba(0,0,0,.15);-moz-box-shadow: 4px 4px 6px rgba(0,0,0,.15);box-shadow: 4px 4px 6px rgba(0,0,0,.15);\">  <div  class=\"jbox-icon grey\">\r\n    <img decoding=\"async\" src=\"\/wordpress\/wp-content\/uploads\/2011\/09\/temel-comicfest-munich-kl-210x300.jpg\">\r\n  <\/div>  <div  class=\"jbox-title grey\"> <\/div><div  class=\"jbox-content\">Ganz gleich ob es sich um Illustrationen f\u00fcr B\u00fccher, um Concept Art oder kurze Comics f\u00fcr Webseiten, Zeitschriften, Magazine und \u00e4hnliches handelt, schreiben Sie mir einfach ihr Anliegen kurz per E-Mail und wir diskutieren alles weitere. Auch Auftr\u00e4ge, die eher in die Design\/Infografik\/Layout-Richtung gehen bearbeite ich gerne und professionell. Durch mein Studium des Mediendesigns und meine jahrelange praktische Erfahrung als Zeichnerin bin ich sowohl mit den g\u00e4ngigen Grafikprogrammen vertraut als auch mit den zeichnerischen Kenntnissen. Meine Themenvielseitigkeit erstreckt sich hierbei von detailreichen, technischen Illustrationen bis hin zu vereinfachten, comichaften Darstellungen. Ich besitze hierbei sowohl die F\u00e4higkeiten traditionell mit Aquarellfarben zu arbeiten, als auch rein digital am Computer mit Grafiktablett.<\/p>\n<p>Bitte beachten Sie, dass es aufgrund hohen Arbeitsaufkommens auch schon einmal ein, zwei Tage dauern kann, bis ich Ihre E-Mail beantworte, ich antworte aber in jedem Fall.\u00a0Einen Eindruck von meinen Arbeiten erhalten Sie unter <span style=\"text-decoration: underline;\"><strong><a title=\"Portfolio\" href=\"http:\/\/www.temel-art.de\/wordpress\/portfolio\/\">PORTFOLIO<\/a><\/strong><\/span>.<\/div><\/div>\n<p>&nbsp;<\/p>\n<h3>Schreiben Sie mir:\u00a0<strong><a href=\"mailto:thekla@temel-art.de\">thekla@temel-art.de<\/a><\/strong><\/h3>\n","protected":false},"excerpt":{"rendered":"<p>&nbsp; Schreiben Sie mir:\u00a0thekla@temel-art.de<\/p>\n","protected":false},"author":1,"featured_media":0,"parent":0,"menu_order":2,"comment_status":"closed","ping_status":"closed","template":"","meta":{"footnotes":""},"post_mailing_queue_ids":[],"_links":{"self":[{"href":"http:\/\/www.temel-art.de\/wordpress\/wp-json\/wp\/v2\/pages\/150"}],"collection":[{"href":"http:\/\/www.temel-art.de\/wordpress\/wp-json\/wp\/v2\/pages"}],"about":[{"href":"http:\/\/www.temel-art.de\/wordpress\/wp-json\/wp\/v2\/types\/page"}],"author":[{"embeddable":true,"href":"http:\/\/www.temel-art.de\/wordpress\/wp-json\/wp\/v2\/users\/1"}],"replies":[{"embeddable":true,"href":"http:\/\/www.temel-art.de\/wordpress\/wp-json\/wp\/v2\/comments?post=150"}],"version-history":[{"count":47,"href":"http:\/\/www.temel-art.de\/wordpress\/wp-json\/wp\/v2\/pages\/150\/revisions"}],"predecessor-version":[{"id":3135,"href":"http:\/\/www.temel-art.de\/wordpress\/wp-json\/wp\/v2\/pages\/150\/revisions\/3135"}],"wp:attachment":[{"href":"http:\/\/www.temel-art.de\/wordpress\/wp-json\/wp\/v2\/media?parent=150"}],"curies":[{"name":"wp","href":"https:\/\/api.w.org\/{rel}","templated":true}]}}

Aufträge

<div class="jbox grey" style="border-width:2px;-moz-border-radius: 20px;-webkit-border-radius: 20px;-khtml-border-radius: 20px;border-radius: 20px;-webkit-box-shadow: 4px 4px 6px rgba(0,0,0,.15);-moz-box-shadow: 4px 4px 6px rgba(0,0,0,.15);box-shadow: 4px 4px 6px rgba(0,0,0,.15);">  <div  class="jbox-icon grey">
    <img decoding="async" src="/wordpress/wp-content/uploads/2011/09/temel-comicfest-munich-kl-210x300.jpg">
  </div>  <div  class="jbox-title grey"> </div><div  class="jbox-content">Ganz gleich ob es sich um Illustrationen für Bücher, um Concept Art oder kurze Comics für Webseiten, Zeitschriften, Magazine und ähnliches handelt, schreiben Sie mir einfach ihr Anliegen kurz per E-Mail und wir diskutieren alles weitere. Auch Aufträge, die eher in die Design/Infografik/Layout-Richtung gehen bearbeite ich gerne und professionell. Durch mein Studium des Mediendesigns und meine jahrelange praktische Erfahrung als Zeichnerin bin ich sowohl mit den gängigen Grafikprogrammen vertraut als auch mit den zeichnerischen Kenntnissen. Meine Themenvielseitigkeit erstreckt sich hierbei von detailreichen, technischen Illustrationen bis hin zu vereinfachten, comichaften Darstellungen. Ich besitze hierbei sowohl die Fähigkeiten traditionell mit Aquarellfarben zu arbeiten, als auch rein digital am Computer mit Grafiktablett.</p>
<p>Bitte beachten Sie, dass es aufgrund hohen Arbeitsaufkommens auch schon einmal ein, zwei Tage dauern kann, bis ich Ihre E-Mail beantworte, ich antworte aber in jedem Fall. Einen Eindruck von meinen Arbeiten erhalten Sie unter <span style="text-decoration: underline;"><strong><a title="Portfolio" href="http://www.temel-art.de/wordpress/portfolio/">PORTFOLIO</a></strong></span>.</div></div>
<p>&nbsp;</p>
<h3>Schreiben Sie mir: <strong><a href="mailto:thekla@temel-art.de">thekla@temel-art.de</a></strong></h3>
