{"id":2187,"date":"2014-09-02T21:42:33","date_gmt":"2014-09-02T19:42:33","guid":{"rendered":"http:\/\/www.temel-art.de\/wordpress\/?page_id=2187"},"modified":"2018-06-05T17:27:36","modified_gmt":"2018-06-05T15:27:36","slug":"webcomics","status":"publish","type":"page","link":"http:\/\/www.temel-art.de\/wordpress\/webcomics\/","title":{"rendered":"Webcomics"},"content":{"rendered":"<p><img loading=\"lazy\" decoding=\"async\" class=\"alignleft wp-image-2216 size-full\" src=\"http:\/\/www.temel-art.de\/wordpress\/wp-content\/uploads\/2014\/08\/spektrallichter-logotest.png\" alt=\"Spektrallichter\" width=\"750\" height=\"201\" srcset=\"http:\/\/www.temel-art.de\/wordpress\/wp-content\/uploads\/2014\/08\/spektrallichter-logotest.png 750w, http:\/\/www.temel-art.de\/wordpress\/wp-content\/uploads\/2014\/08\/spektrallichter-logotest-198x53.png 198w, http:\/\/www.temel-art.de\/wordpress\/wp-content\/uploads\/2014\/08\/spektrallichter-logotest-300x80.png 300w\" sizes=\"(max-width: 750px) 100vw, 750px\" \/><\/p>\n<p>&nbsp;<\/p>\n<div class=\"su-box su-box-style-soft\" id=\"\" style=\"border-color:#252525;border-radius:3px\"><div class=\"su-box-title\" style=\"background-color:#585858;color:#FFFFFF;border-top-left-radius:1px;border-top-right-radius:1px\">Spektrallichter<\/div><div class=\"su-box-content su-u-clearfix su-u-trim\" style=\"border-bottom-left-radius:1px;border-bottom-right-radius:1px\">Ganz besondere Alltagskurzgeschichten, die zwischenmenschliche Beziehungen jeglicher Art behandeln. Mal mit Anspruch und zum Nachdenken, mal unterhaltsam bis tiefschwarz humorig und makaber, mal zutiefst realistisch, mal geradezu fantastisch. Die Art der Geschichten und ihrer handelnden Figuren kann so vielseitig und unterschiedlich sein, wie die Zahl der Farben im Lichtspektrum, weswegen ich dieser Sammlung den Namen Spektrallichter gegeben habe.<\/p>\n<p>In Anlehnung an Adalbert Stifters Einleitung zu seiner Buchreihe \u201eBunte Steine\u201c kann auch ich in dieser Erl\u00e4uterung nur betonen: Weil es so unermesslich viele Farben gibt, kann ich gar nicht voraus sagen, wie gro\u00df diese Sammlung werden wird.<\/p>\n<p>Und es sind im wahren Wortsinne KURZE Geschichten. Auch Kurzgeschichten k\u00f6nnen sicherlich ab und zu etwas l\u00e4nger und ausf\u00fchrlicher sein, die Spektrallichter bewegen sich jedoch zwischen 5 bis h\u00f6chstens 7 Seiten. Sie beleuchten meistens nur eine ganz bestimmte Situation f\u00fcr einen Augenblick, einen Wimpernschlag, die Dauer eines Blitzlichtes. Nicht immer befindet sich zwischen dem unvermittelten Anfang und dem pl\u00f6tzlichen Ende einer Geschichte die eine, richtige Interpretation. <\/div><\/div>\n<div id=\"su_carousel_69f030a604b6c\" class=\"su-carousel su-carousel-centered su-carousel-pages-no su-carousel-responsive-yes\" style=\"width:100%\" data-autoplay=\"3000\" data-speed=\"1000\" data-mousewheel=\"false\" data-items=\"3\" data-scroll=\"1\"><div class=\"su-carousel-slides\"><div class=\"su-carousel-slide\"><a href=\"http:\/\/www.temel-art.de\/wordpress\/comic\/mondlicht\/\" target=\"_blank\" title=\"mondlicht-fertig-1\"><img decoding=\"async\" src=\"http:\/\/www.temel-art.de\/wordpress\/wp-content\/uploads\/2014\/09\/mondlicht-fertig-1-182x300.jpg\" alt=\"mondlicht-fertig-1\" \/><\/a><\/div><div class=\"su-carousel-slide\"><a href=\"http:\/\/www.temel-art.de\/wordpress\/comic\/rostrot-seite-1\/\" target=\"_blank\" title=\"rostrot-cover\"><img decoding=\"async\" src=\"http:\/\/www.temel-art.de\/wordpress\/wp-content\/uploads\/2014\/09\/rostrot-cover-182x300.jpg\" alt=\"rostrot-cover\" \/><\/a><\/div><div class=\"su-carousel-slide\"><a href=\"http:\/\/www.temel-art.de\/wordpress\/comic\/scheinwerfer-seite-1\/\" target=\"_blank\" title=\"scheinwerfer-cover\"><img decoding=\"async\" src=\"http:\/\/www.temel-art.de\/wordpress\/wp-content\/uploads\/2014\/09\/scheinwerfer-cover-182x300.jpg\" alt=\"scheinwerfer-cover\" \/><\/a><\/div><\/div><div class=\"su-carousel-nav\"><div class=\"su-carousel-pagination\"><\/div><\/div><\/div>\n<p><a href=\"http:\/\/www.temel-art.de\/wordpress\/chapter\/ich-putz-hier-nur\/\"><img loading=\"lazy\" decoding=\"async\" class=\"aligncenter wp-image-2280 size-full\" src=\"http:\/\/www.temel-art.de\/wordpress\/wp-content\/uploads\/2014\/08\/ichputzhiernur.jpg\" alt=\"Ich putz hier nur\" width=\"750\" height=\"171\" srcset=\"http:\/\/www.temel-art.de\/wordpress\/wp-content\/uploads\/2014\/08\/ichputzhiernur.jpg 750w, http:\/\/www.temel-art.de\/wordpress\/wp-content\/uploads\/2014\/08\/ichputzhiernur-198x45.jpg 198w, http:\/\/www.temel-art.de\/wordpress\/wp-content\/uploads\/2014\/08\/ichputzhiernur-300x68.jpg 300w\" sizes=\"(max-width: 750px) 100vw, 750px\" \/><\/a><\/p>\n<div class=\"su-box su-box-style-soft\" id=\"\" style=\"border-color:#000c2d;border-radius:3px\"><div class=\"su-box-title\" style=\"background-color:#003f60;color:#FFFFFF;border-top-left-radius:1px;border-top-right-radius:1px\">Ich putz hier nur<\/div><div class=\"su-box-content su-u-clearfix su-u-trim\" style=\"border-bottom-left-radius:1px;border-bottom-right-radius:1px\">Hausmeister sind f\u00fcr viele nur die nervigen, alten M\u00e4nner, die spielende Kinder von Rasenfl\u00e4chen vertreiben oder es einfach nicht gebacken kriegen endlich die Toilette zu reparieren.\u00a0 Dass dieser Job aber viele Abenteuer mit sich bringt und alles andere als leicht ist, beweist Danny Lexar. Hausmeister, mit der besonderen Begabung sich in Schwierigkeiten zu bringen. Ein Comic \u00fcber die Au\u00dfergew\u00f6hnlichkeiten des Alltags, aber auch viel Politisches und KATZEN! &lt;3<\/div><\/div>\n","protected":false},"excerpt":{"rendered":"<p>&nbsp;<\/p>\n","protected":false},"author":1,"featured_media":0,"parent":0,"menu_order":0,"comment_status":"closed","ping_status":"open","template":"","meta":{"footnotes":""},"post_mailing_queue_ids":[],"_links":{"self":[{"href":"http:\/\/www.temel-art.de\/wordpress\/wp-json\/wp\/v2\/pages\/2187"}],"collection":[{"href":"http:\/\/www.temel-art.de\/wordpress\/wp-json\/wp\/v2\/pages"}],"about":[{"href":"http:\/\/www.temel-art.de\/wordpress\/wp-json\/wp\/v2\/types\/page"}],"author":[{"embeddable":true,"href":"http:\/\/www.temel-art.de\/wordpress\/wp-json\/wp\/v2\/users\/1"}],"replies":[{"embeddable":true,"href":"http:\/\/www.temel-art.de\/wordpress\/wp-json\/wp\/v2\/comments?post=2187"}],"version-history":[{"count":41,"href":"http:\/\/www.temel-art.de\/wordpress\/wp-json\/wp\/v2\/pages\/2187\/revisions"}],"predecessor-version":[{"id":3163,"href":"http:\/\/www.temel-art.de\/wordpress\/wp-json\/wp\/v2\/pages\/2187\/revisions\/3163"}],"wp:attachment":[{"href":"http:\/\/www.temel-art.de\/wordpress\/wp-json\/wp\/v2\/media?parent=2187"}],"curies":[{"name":"wp","href":"https:\/\/api.w.org\/{rel}","templated":true}]}}

<p><img loading="lazy" decoding="async" class="alignleft wp-image-2216 size-full" src="http://www.temel-art.de/wordpress/wp-content/uploads/2014/08/spektrallichter-logotest.png" alt="Spektrallichter" width="750" height="201" srcset="http://www.temel-art.de/wordpress/wp-content/uploads/2014/08/spektrallichter-logotest.png 750w, http://www.temel-art.de/wordpress/wp-content/uploads/2014/08/spektrallichter-logotest-198x53.png 198w, http://www.temel-art.de/wordpress/wp-content/uploads/2014/08/spektrallichter-logotest-300x80.png 300w" sizes="(max-width: 750px) 100vw, 750px" /></p>
<p>&nbsp;</p>
<div class="su-box su-box-style-soft" id="" style="border-color:#252525;border-radius:3px"><div class="su-box-title" style="background-color:#585858;color:#FFFFFF;border-top-left-radius:1px;border-top-right-radius:1px">Spektrallichter</div><div class="su-box-content su-u-clearfix su-u-trim" style="border-bottom-left-radius:1px;border-bottom-right-radius:1px">Ganz besondere Alltagskurzgeschichten, die zwischenmenschliche Beziehungen jeglicher Art behandeln. Mal mit Anspruch und zum Nachdenken, mal unterhaltsam bis tiefschwarz humorig und makaber, mal zutiefst realistisch, mal geradezu fantastisch. Die Art der Geschichten und ihrer handelnden Figuren kann so vielseitig und unterschiedlich sein, wie die Zahl der Farben im Lichtspektrum, weswegen ich dieser Sammlung den Namen Spektrallichter gegeben habe.</p>
<p>In Anlehnung an Adalbert Stifters Einleitung zu seiner Buchreihe „Bunte Steine“ kann auch ich in dieser Erläuterung nur betonen: Weil es so unermesslich viele Farben gibt, kann ich gar nicht voraus sagen, wie groß diese Sammlung werden wird.</p>
<p>Und es sind im wahren Wortsinne KURZE Geschichten. Auch Kurzgeschichten können sicherlich ab und zu etwas länger und ausführlicher sein, die Spektrallichter bewegen sich jedoch zwischen 5 bis höchstens 7 Seiten. Sie beleuchten meistens nur eine ganz bestimmte Situation für einen Augenblick, einen Wimpernschlag, die Dauer eines Blitzlichtes. Nicht immer befindet sich zwischen dem unvermittelten Anfang und dem plötzlichen Ende einer Geschichte die eine, richtige Interpretation. </div></div>
<div id="su_carousel_69f030a604b6c" class="su-carousel su-carousel-centered su-carousel-pages-no su-carousel-responsive-yes" style="width:100%" data-autoplay="3000" data-speed="1000" data-mousewheel="false" data-items="3" data-scroll="1"><div class="su-carousel-slides"><div class="su-carousel-slide"><a href="http://www.temel-art.de/wordpress/comic/mondlicht/" target="_blank" title="mondlicht-fertig-1"><img decoding="async" src="http://www.temel-art.de/wordpress/wp-content/uploads/2014/09/mondlicht-fertig-1-182x300.jpg" alt="mondlicht-fertig-1" /></a></div><div class="su-carousel-slide"><a href="http://www.temel-art.de/wordpress/comic/rostrot-seite-1/" target="_blank" title="rostrot-cover"><img decoding="async" src="http://www.temel-art.de/wordpress/wp-content/uploads/2014/09/rostrot-cover-182x300.jpg" alt="rostrot-cover" /></a></div><div class="su-carousel-slide"><a href="http://www.temel-art.de/wordpress/comic/scheinwerfer-seite-1/" target="_blank" title="scheinwerfer-cover"><img decoding="async" src="http://www.temel-art.de/wordpress/wp-content/uploads/2014/09/scheinwerfer-cover-182x300.jpg" alt="scheinwerfer-cover" /></a></div></div><div class="su-carousel-nav"><div class="su-carousel-pagination"></div></div></div>
<p><a href="http://www.temel-art.de/wordpress/chapter/ich-putz-hier-nur/"><img loading="lazy" decoding="async" class="aligncenter wp-image-2280 size-full" src="http://www.temel-art.de/wordpress/wp-content/uploads/2014/08/ichputzhiernur.jpg" alt="Ich putz hier nur" width="750" height="171" srcset="http://www.temel-art.de/wordpress/wp-content/uploads/2014/08/ichputzhiernur.jpg 750w, http://www.temel-art.de/wordpress/wp-content/uploads/2014/08/ichputzhiernur-198x45.jpg 198w, http://www.temel-art.de/wordpress/wp-content/uploads/2014/08/ichputzhiernur-300x68.jpg 300w" sizes="(max-width: 750px) 100vw, 750px" /></a></p>
<div class="su-box su-box-style-soft" id="" style="border-color:#000c2d;border-radius:3px"><div class="su-box-title" style="background-color:#003f60;color:#FFFFFF;border-top-left-radius:1px;border-top-right-radius:1px">Ich putz hier nur</div><div class="su-box-content su-u-clearfix su-u-trim" style="border-bottom-left-radius:1px;border-bottom-right-radius:1px">Hausmeister sind für viele nur die nervigen, alten Männer, die spielende Kinder von Rasenflächen vertreiben oder es einfach nicht gebacken kriegen endlich die Toilette zu reparieren.  Dass dieser Job aber viele Abenteuer mit sich bringt und alles andere als leicht ist, beweist Danny Lexar. Hausmeister, mit der besonderen Begabung sich in Schwierigkeiten zu bringen. Ein Comic über die Außergewöhnlichkeiten des Alltags, aber auch viel Politisches und KATZEN! &lt;3</div></div>
