{"id":3110,"date":"2018-05-23T16:40:27","date_gmt":"2018-05-23T14:40:27","guid":{"rendered":"http:\/\/www.temel-art.de\/wordpress\/?page_id=3110"},"modified":"2018-05-24T13:02:59","modified_gmt":"2018-05-24T11:02:59","slug":"webdesign","status":"publish","type":"page","link":"http:\/\/www.temel-art.de\/wordpress\/portfolio\/webdesign\/","title":{"rendered":"Webdesign"},"content":{"rendered":"<p>Verschiedene Beispiele f\u00fcr Webdesign &amp; Layouts von Seiten, die ich in Abstimmung erstellt habe oder redaktionell und\/oder technisch weiterbetreue. Bei weiteren Fragen <a title=\"Auftr\u00e4ge\" href=\"mailto:thekla@temel-art.de\"><strong>schreiben Sie mich einfach an<\/strong><\/a>.<\/p>\n<p>&nbsp;<\/p>\n<div class=\"su-custom-gallery su-custom-gallery-title-always su-lightbox-gallery\"><div class=\"su-custom-gallery-slide\"><a href=\"http:\/\/www.temel-art.de\/wordpress\/wp-content\/uploads\/2018\/05\/paninishop2.png\" title=\"Paninishop \u2013 Layouts, Grafiken &#038; red. Betreuung\"><img loading=\"lazy\" decoding=\"async\" src=\"http:\/\/www.temel-art.de\/wordpress\/wp-content\/uploads\/2018\/05\/paninishop2-300x230.png\" alt=\"Paninishop \u2013 Layouts, Grafiken &#038; red. Betreuung\" width=\"300\" height=\"230\" \/><span class=\"su-custom-gallery-title\">Paninishop \u2013 Layouts, Grafiken &#038; red. Betreuung<\/span><\/a><\/div><div class=\"su-custom-gallery-slide\"><a href=\"http:\/\/www.temel-art.de\/wordpress\/wp-content\/uploads\/2018\/05\/newsroom.png\" title=\"Panininewsroom \u2013 Konzept &#038; Webdesign\"><img loading=\"lazy\" decoding=\"async\" src=\"http:\/\/www.temel-art.de\/wordpress\/wp-content\/uploads\/2018\/05\/newsroom-300x230.png\" alt=\"Panininewsroom \u2013 Konzept &#038; Webdesign\" width=\"300\" height=\"230\" \/><span class=\"su-custom-gallery-title\">Panininewsroom \u2013 Konzept &#038; Webdesign<\/span><\/a><\/div><div class=\"su-custom-gallery-slide\"><a href=\"http:\/\/www.temel-art.de\/wordpress\/wp-content\/uploads\/2018\/05\/mycomics.png\" title=\"Mycomics.de \u2013 Redaktionelle Betreuung\"><img loading=\"lazy\" decoding=\"async\" src=\"http:\/\/www.temel-art.de\/wordpress\/wp-content\/uploads\/2018\/05\/mycomics-300x230.png\" alt=\"Mycomics.de \u2013 Redaktionelle Betreuung\" width=\"300\" height=\"230\" \/><span class=\"su-custom-gallery-title\">Mycomics.de \u2013 Redaktionelle Betreuung<\/span><\/a><\/div><div class=\"su-custom-gallery-slide\"><a href=\"http:\/\/www.temel-art.de\/wordpress\/wp-content\/uploads\/2018\/05\/djk.png\" title=\"DJK Sportverband \u2013 Webdesign &#038; techn. Betreuung\"><img loading=\"lazy\" decoding=\"async\" src=\"http:\/\/www.temel-art.de\/wordpress\/wp-content\/uploads\/2018\/05\/djk-300x230.png\" alt=\"DJK Sportverband \u2013 Webdesign &#038; techn. Betreuung\" width=\"300\" height=\"230\" \/><span class=\"su-custom-gallery-title\">DJK Sportverband \u2013 Webdesign &#038; techn. Betreuung<\/span><\/a><\/div><div class=\"su-custom-gallery-slide\"><a href=\"http:\/\/www.temel-art.de\/wordpress\/wp-content\/uploads\/2018\/05\/hey-magazin.png\" title=\"hey!-Starmagazin \u2013 Grafik &#038; redaktionelle Betreuung\"><img loading=\"lazy\" decoding=\"async\" src=\"http:\/\/www.temel-art.de\/wordpress\/wp-content\/uploads\/2018\/05\/hey-magazin-300x230.png\" alt=\"hey!-Starmagazin \u2013 Grafik &#038; redaktionelle Betreuung\" width=\"300\" height=\"230\" \/><span class=\"su-custom-gallery-title\">hey!-Starmagazin \u2013 Grafik &#038; redaktionelle Betreuung<\/span><\/a><\/div><div class=\"su-custom-gallery-slide\"><a href=\"http:\/\/www.temel-art.de\/wordpress\/wp-content\/uploads\/2014\/10\/Bildschirmfoto-2014-10-30-um-14.10.26.png\" title=\"Design f\u00fcr die Webpr\u00e4senz des Magazins &#8222;K\u00fcchenzauber&#8220;\"><img loading=\"lazy\" decoding=\"async\" src=\"http:\/\/www.temel-art.de\/wordpress\/wp-content\/uploads\/2014\/10\/Bildschirmfoto-2014-10-30-um-14.10.26-300x230.png\" alt=\"Design f\u00fcr die Webpr\u00e4senz des Magazins &#8222;K\u00fcchenzauber&#8220;\" width=\"300\" height=\"230\" \/><span class=\"su-custom-gallery-title\">Design f\u00fcr die Webpr\u00e4senz des Magazins &#8222;K\u00fcchenzauber&#8220;<\/span><\/a><\/div><div class=\"su-clear\"><\/div><\/div>\n","protected":false},"excerpt":{"rendered":"<p>Verschiedene Beispiele f\u00fcr Webdesign &amp; Layouts von Seiten, die ich in Abstimmung erstellt habe oder redaktionell und\/oder technisch weiterbetreue. Bei weiteren Fragen schreiben Sie mich einfach an. &nbsp;<\/p>\n","protected":false},"author":1,"featured_media":0,"parent":89,"menu_order":0,"comment_status":"closed","ping_status":"closed","template":"","meta":{"footnotes":""},"post_mailing_queue_ids":[],"_links":{"self":[{"href":"http:\/\/www.temel-art.de\/wordpress\/wp-json\/wp\/v2\/pages\/3110"}],"collection":[{"href":"http:\/\/www.temel-art.de\/wordpress\/wp-json\/wp\/v2\/pages"}],"about":[{"href":"http:\/\/www.temel-art.de\/wordpress\/wp-json\/wp\/v2\/types\/page"}],"author":[{"embeddable":true,"href":"http:\/\/www.temel-art.de\/wordpress\/wp-json\/wp\/v2\/users\/1"}],"replies":[{"embeddable":true,"href":"http:\/\/www.temel-art.de\/wordpress\/wp-json\/wp\/v2\/comments?post=3110"}],"version-history":[{"count":9,"href":"http:\/\/www.temel-art.de\/wordpress\/wp-json\/wp\/v2\/pages\/3110\/revisions"}],"predecessor-version":[{"id":3118,"href":"http:\/\/www.temel-art.de\/wordpress\/wp-json\/wp\/v2\/pages\/3110\/revisions\/3118"}],"up":[{"embeddable":true,"href":"http:\/\/www.temel-art.de\/wordpress\/wp-json\/wp\/v2\/pages\/89"}],"wp:attachment":[{"href":"http:\/\/www.temel-art.de\/wordpress\/wp-json\/wp\/v2\/media?parent=3110"}],"curies":[{"name":"wp","href":"https:\/\/api.w.org\/{rel}","templated":true}]}}